e value of 4 - (46 + -56 + (7 - (-3 + 5)))?
9
-4 + 0 - (14 + 16 + -12)
-22
What is the value of -6 - ((-1 - 1) + 1) - (0 - -7)?
-12
Evaluate (4 - 1) + (1 + -4 - -1) + -16.
-15
Calculate -1 - (3 - (-3 + -1 + 6)) - -2.
0
What is 4 + 2 + (-5 - (-6 - 5)) + 0?
12
Evaluate -4 + 12 + (-5 - -3) + -12.
-6
(2 - 11 - (3 + 1 + -11)) + 2
0
What is the value of 772 + -750 - (-1 + 15)?
8
Calculate -8 - ((2 + -6 - 9) + 6 + 10).
-11
What is -126 + 130 - (1 + 5 + 2 + 0)?
-4
What is the value of (6 - (21 - 10) - -8) + -4?
-1
Evaluate 15 - (-26 + 8) - 19.
14
Evaluate -1 - ((1 - 1) + 8 - (-2 - -7)).
-4
Evaluate -11 + (-28 - -14 - (-8 + -1)).
-16
Calculate (33 - 31 - (-1 - 8)) + -49.
-38
What is the value of -3 - (-8 + -3 + -1)?
9
What is the value of 11 + -35 + 5 - -44?
25
(-23 - (-13 + 1)) + 12
1
Evaluate (-13 - 0) + 5 + (2 - 10).
-16
Calculate 0 + 5 - (6 + -9 + (1 - -7)).
0
Calculate (10 - (4 + 6) - (-1 + 6)) + -1.
-6
What is (15 + 32 - 17) + 1 + -16?
15
(-13 - ((6 - 5) + -12)) + -1
-3
What is the value of -11 - -23 - (0 - -1 - -8 - 4)?
7
What is 37 + (10 - (19 - 0))?
28
What is -2 + 2 - (-7 + (10 - 0))?
-3
What is 7 - (-2 + (-3 - -5) - 1)?
8
Evaluate -6 + (-1 - (-13 - 2)).
8
Calculate -20 + (15 + -14 - (1 + 1 - 2)).
-19
Calculate (-9 - 6) + (-5 - -15).
-5
What is the value of (2132 - 2124) + (0 - (-14 - -2))?
20
Evaluate (17 - (27 + -14)) + -3.
1
What is the value of -2 + 6 + -5 - (27 + -32)?
4
1 - (-10 + 4 + 2 + (-1 - 2))
8
What is the value of -516 + 519 - (-1 + -9 - (2 - 2))?
13
Calculate 7 + ((11 - 25) + 2 - -10).
5
What is the value of 17 + -8 + 48 + -50 + 5 + 0?
12
What is (26 - (13 + -5 + -1)) + -4 + 3?
18
Calculate 8 - 0 - (1 + 3 + -8).
12
What is -4091 + 4112 + (0 + 7 - (0 + 0))?
28
What is the value of 21 - (21 - 17 - (17 - (2 - -4)))?
28
Calculate -101 - -114 - (4 + -20).
29
Calculate 1 + (16 - 17) - 3.
-3
What is the value of -11 + 5 + 3 + 0 + (1 - -20)?
18
(1 + (3 - -23) - 2) + -5
20
What is the value of 147 + -132 + (-29 - (2 - 5))?
-11
Evaluate (71 + -64 - (2 - -5)) + 11.
11
Calculate -20 - (-23 + (19 - 18)).
2
Calculate 10 - (-20 + 11 + 3).
16
Calculate -70 - -66 - (1 + 11) - (-1 + 2).
-17
What is 57 - (61 - -7) - (-2 + 2 - 9)?
-2
Calculate -18 + 27 + -6 + 12 + -1 + 6.
20
What is -6 - (-4 - -4) - (-7 - (10 - 19))?
-8
Evaluate 401 - 398 - (-12 - (3 - 2)).
16
Evaluate -41 + 39 + 22 + -48.
-28
Calculate 14 + (-9 - -3) + -9.
-1
What is the value of -9 + (1 - 1 - 2 - 0)?
-11
What is -7 + (-2 - (2 + (-6 - -4)))?
-9
What is (8 - 25) + 93 + -73?
3
What is -14 - (-5 + -11) - (-21 + 16)?
7
-15 - (9 + -10 - 4)
-10
What is 2 + 2 - (0 - (6 - (-9 - -8)))?
11
What is the value of 2 + (10 + -20 + 7 - -9) - -15?
23
5 + (-6 - 2) + (6 - 4)
-1
What is 0 + 2 + -32 - -43?
13
Evaluate (-5 + 7 - 3) + 6 + 6.
11
What is the value of (-7 - (2 + -6)) + (11 - 9)?
-1
Evaluate (-3 - -4) + -14 - -30.
17
What is 6 - -18 - 22 - (2 - 7 - 1)?
8
-42 + 44 + (1 + -1 - 10)
-8
Evaluate -674 + 676 - (-1 + 29).
-26
Calculate (-1 - -1) + (-40 - -49) - (2 - -6).
1
0 - (2 + 8) - (-207 - -209) - 22
-34
Evaluate -4 + -21 - (13 - (26 - 8)).
-20
What is the value of 5 + 7 + (-5 - 11) - (-1 + 5)?
-8
-11 + 9 + -8 + -2 - -25
13
What is 21 - 0 - (-302 + 307 + (2 - 0))?
14
Calculate 2319 + -2350 + -13 + (2 - 0).
-42
Evaluate (0 - -9) + (-5 - 14 - -13).
3
33 + (-2 + -5 - -12 - 1) + -8
29
Evaluate 1 - (10 - -1) - (978 - 981).
-7
What is the value of 22 + -15 + (2 - (12 - 2))?
-1
-12 + (26 - 25) - 7
-18
Evaluate 1 + -2 + (4 - (20 + -35)).
18
0 + (-3 - 23 - (-35 - -23))
-14
-6 + (-1 - -13) + (160 - 148)
18
What is the value of -8 + 22 + -1 + -4?
9
6 - ((5 - -7) + -2 - 6)
2
Calculate 1 + -1 + (-7 - -18) + -3.
8
What is (6 + -13 - -5) + (-7 - -6)?
-3
What is the value of (0 - 1) + -139 + 131?
-9
What is 6 + -2 + (-50 - -44) + -4 + 1?
-5
What is the value of 15 + (3 + (6 - (11 + -4)) - 8)?
9
What is the value of -27 - (-37 + 12 - -7)?
-9
Evaluate -12 - ((66 - 29) + -42).
-7
Evaluate 17 - (-6 + 15 + 17).
-9
What is -20 + 14 + -11 - -12?
-5
29 + -6 + 5 - 15
13
What is the value of 11 - (27 + -11 + -9 + 11)?
-7
What is the value of -7 + (15 - -1) + 0?
9
What is 2 + -16 + (8 - 1) + 13 + 6?
12
16 + -6 + (3 - 12)
1
What is the value of 223 + -214 - (2 + 4 + -1)?
4
Evaluate 0 + 5 - (253 - 258).
10
What is -5 + 1 + 1 + -10 + 7?
-6
1007 - 1012 - (0 + -29)
24
What is (-15 - (0 + (12 - 9))) + -9?
-27
Evaluate (1 - 0) + 6 + (-36 - -37).
8
What is (14 - -15 - 26) + 25?
28
Evaluate (1 - 27 - 1) + (1325 - 1326).
-28
Calculate (-9 - -1) + (-56 + 6 - -82).
24
Evaluate (-11 - (-7 + 12 - (5 + 1))) + 1.
-9
Calculate -3 + -1 + 7 + -1 + -3.
-1
Evaluate (1 - 21) + (-243 - -286).
23
Evaluate (13 - 6) + (-5 - (21 + 0 + -6)).
-13
What is (4 - (3 - -7)) + (13 - (-4 + 6))?
5
0 - 4 - ((-3 - 1) + (-57 - -74))
-17
What is (1 - 0 - -1) + (11 - 31) + 12?
-6
14 + -66 + 45 - (-4 + -1)
-2
(29 - 1) + -55 - (-2 + 2 + 0)
-27
Calculate 5 + -6 - ((0 - -1) + (-45 - -47)).
-4
What is the value of (2 - 6) + 21 - (5 - 4 - -4)?
12
Calculate -5 + ((6 - 14) + 5 - (-19 + 4)).
7
4 + -12 + 18 - (-8 - -1)
17
Evaluate 1 + 6 + -3 + (18 - 8) + -4.
10
Calculate 20 + 2 + -96 + 78.
4
-5 - -12 - (5 + 3 + 16)
-17
What is the value of -2 - (-58 - -30) - 17?
9
What is (-3 - 4 - -25) + 1 + (-6 - -2)?
15
((4 - 0) + -7 - -5) + 17
19
Calculate -26 + -29 + 92 + -35.
2
(-13 + 12 - -4) + -9
-6
Calculate -9 + (-2 - -5) - (-7 + 26).
-25
What is -9 + (5 - -10) + (-5 + 14 - -5)?
20
What is the value of -64 + 39 + 19 - (1 + -15)?
8
What is the value of (1 - 0) + -8 - 1 - (-610 - -603)?
-1
Evaluate 2 + 22 + 177 + -199.
2
What is the value of 40 + -50 + 0 + 5?
-5
Evaluate (-10 - -1) + (100 - 68).
23
Calculate (-9 + 1 + 1 - 13) + 3.
-17
-2 + 6 - (124 + -126)
6
Evaluate (1 - -6) + -6 + 8.
9
What is (1 - -18 - 16) + (-1 - -1) + 0?
3
What is the value of -8 - ((13 + -9 - 2) + -1 + -4)?
-5
Calculate -8 - (-5 - (6 - (-14 + 9 + -1))).
9
Evaluate 96 - 82 - ((2 - 3) + -6).
21
Evaluate -7 + 15 + -5 - 2 - -4.
5
-6 + (7 + -11 + (11 - 3) - -7)
5
Calculate -3 - (-14 + 12 - (-6 - 2)).
-9
(1 - -1) + 38 + -30 + -3
7
Calculate -234 - -217 - (-4 + 5).
-18
Calculate -12 + 1 - (190 - 203).
2
What is 7 + 4 - (-9 + 5 + -10 + 5)?
20
Calculate (9 - 2) + -9 + 13 - 3 - 2.
6
What is the value of 20 + 14 + -6 - 17?
11
-4 - -6 - -7 - (10 + -13)
12
-6 - ((-5 - 0) + -3)
2
-29 - (-11 + -27 + 29)
-20
Calculate (17 - 45 - 4) + 16.
-16
(10 - (-5 + 2)) + 20 + (-6 - 21)
6
What is the value of 14 + -43 + 10 - -10?
-9
Calculate (8 + (3 + -3 - 9) - 6) + 21.
14
Evaluate -16 - (-39 - (-17 + -19)).
-13
Calculate 6 - (-10 + (-3 - -7)) - 10.
2
What is the value of (2 - 2 - 1) + -133 + 107?
-27
What is the value of (-1 - -5 - -16) + -11?
9
What is the value of -11 + (-3 - (-4 + -2)) + 4?
-4
Evaluate 1 + -2 - 2 - (30 + -16 + 8).
-25
Calculate -4 + 7 + (1 - -1) - 4 - -5.
6
(-23 - -46 - 12) + -48 - (1 + -9)
-29
Calculate 29 - 12 - (15 + 6 + (1 - 11)).
6
Evaluate -1 + 4 + (-6 - -10 - 12) + 15.
10
What is -7 - (1 + 1 + 4 + -5)?
-8
Calculate 49 + -64 + (0 + 2 - -3) + -1.
-11
What is the value of -6 + 8 - (-76 - -22 - -20)?
36
Calculate -37 + (0 - (-19 - 11)).
-7
Evaluate 10 - (4 + (7 - -9)).
-10
What is the value of 8 - 4 - 2 - 6 - (-7 - 3)?
6
What is 13 + (-5 - 2) + -6 + (-2 - 15)?
-17
What is -17 - -3 - (-1 + (0 - (0 - -5)))?
-8
Evaluate (21 + 24 + -28 - 15) + (-2 - -1).
1
What is the value of 16 - -8 - (65 - 31)?
-10
What is 13 - -19 - (11 - -6)?
15
What is the value of 10 + 0 + (-44 + 12 - -29)?
7
Evaluate -25 - (-8 - (-25 + 44)).
2
6 + (13 + -4 - 17)
-2
What is the value of (24 - 22 - 4) + 1 + (-2 - 5)?
-8
Evaluate -11 + -2 + 1 + -42 + 50.
-4
What is the value of (-12 + 11 - 14) + 30 + 2?
17
What is the value of -9 + -11 + -13 - -18?
-15
What is the value of (-14 - -9) + 3 + 9?
7
-33 - ((-33 - -16 - -11) + -11)
-16
Calculate -6 + -3 + -6 + 6 + -4 + -2.
-15
8 + 1 + -5 + (-47 - 2 - -8)
-37
What is the value of (-7 - (-3 + (3 - 5))) + -12 + 15?
1
What is -25 - ((4 + -17 + -2 - -1) + 8)?
-19
What is (3 - 4) + (-10 - -7 - -9) + -20?
-15
Evaluate (9 + 4 - 8) + -9 + -2.
-6
Evaluate -60 + 72 - (1 - -14).
-3
0 + (-1 - (-10 + 0)) - (15 + 6)
-12
Evaluate -10 - -5 - (-9 + (23 - 11)).
-8
Evaluate -1 - -9 - (38 - 26) - (-9 + 0).
5
Calculate -22 + -48 + 19 - -26.
-25
Calculate -6 + (20 - (9 - -2)) + -4.
-1
0 + -7 + -1 + -43 + 34
-17
26 +